{"id":107,"date":"2024-07-09T13:02:46","date_gmt":"2024-07-09T13:02:46","guid":{"rendered":"https:\/\/isr.edu.ar\/isr27\/?page_id=107"},"modified":"2024-10-15T19:17:27","modified_gmt":"2024-10-15T19:17:27","slug":"religiosos-asuncionistas","status":"publish","type":"page","link":"https:\/\/isr.edu.ar\/isr27\/religiosos-asuncionistas\/","title":{"rendered":"Religiosos Asuncionistas"},"content":{"rendered":"\t\t<div data-elementor-type=\"wp-page\" data-elementor-id=\"107\" class=\"elementor elementor-107\" data-elementor-post-type=\"page\">\n\t\t\t\t<div class=\"elementor-element elementor-element-13e64512 e-flex e-con-boxed e-con e-parent\" data-id=\"13e64512\" data-element_type=\"container\">\n\t\t\t\t\t<div class=\"e-con-inner\">\n\t\t<div class=\"elementor-element elementor-element-4ea20923 e-con-full e-flex e-con e-child\" data-id=\"4ea20923\" data-element_type=\"container\">\n\t\t<div class=\"elementor-element elementor-element-51e6ed14 e-con-full e-flex e-con e-child\" data-id=\"51e6ed14\" data-element_type=\"container\">\n\t\t\t\t<div class=\"elementor-element elementor-element-7bccf1c1 elementor-widget elementor-widget-heading\" data-id=\"7bccf1c1\" data-element_type=\"widget\" data-widget_type=\"heading.default\">\n\t\t\t\t<div class=\"elementor-widget-container\">\n\t\t\t\t\t<h2 class=\"elementor-heading-title elementor-size-default\">Religiosos asucionistas<\/h2>\t\t\t\t<\/div>\n\t\t\t\t<\/div>\n\t\t<div class=\"elementor-element elementor-element-0dd5f7d e-con-full e-flex e-con e-child\" data-id=\"0dd5f7d\" data-element_type=\"container\">\n\t\t\t\t<div class=\"elementor-element elementor-element-fb5d9b8 elementor-align-center elementor-widget__width-initial elementor-widget elementor-widget-button\" data-id=\"fb5d9b8\" data-element_type=\"widget\" data-widget_type=\"button.default\">\n\t\t\t\t<div class=\"elementor-widget-container\">\n\t\t\t\t\t\t\t\t\t<div class=\"elementor-button-wrapper\">\n\t\t\t\t\t<a class=\"elementor-button elementor-button-link elementor-size-sm\" href=\"https:\/\/www.assumptio.org\/es\/quienes-somos\">\n\t\t\t\t\t\t<span class=\"elementor-button-content-wrapper\">\n\t\t\t\t\t\t<span class=\"elementor-button-icon\">\n\t\t\t\t<svg aria-hidden=\"true\" class=\"e-font-icon-svg e-fas-angle-right\" viewBox=\"0 0 256 512\" xmlns=\"http:\/\/www.w3.org\/2000\/svg\"><path d=\"M224.3 273l-136 136c-9.4 9.4-24.6 9.4-33.9 0l-22.6-22.6c-9.4-9.4-9.4-24.6 0-33.9l96.4-96.4-96.4-96.4c-9.4-9.4-9.4-24.6 0-33.9L54.3 103c9.4-9.4 24.6-9.4 33.9 0l136 136c9.5 9.4 9.5 24.6.1 34z\"><\/path><\/svg>\t\t\t<\/span>\n\t\t\t\t\t\t\t\t\t<span class=\"elementor-button-text\">Quienes somos<\/span>\n\t\t\t\t\t<\/span>\n\t\t\t\t\t<\/a>\n\t\t\t\t<\/div>\n\t\t\t\t\t\t\t\t<\/div>\n\t\t\t\t<\/div>\n\t\t\t\t<div class=\"elementor-element elementor-element-ddcaad7 elementor-align-center elementor-widget__width-initial elementor-widget elementor-widget-button\" data-id=\"ddcaad7\" data-element_type=\"widget\" data-widget_type=\"button.default\">\n\t\t\t\t<div class=\"elementor-widget-container\">\n\t\t\t\t\t\t\t\t\t<div class=\"elementor-button-wrapper\">\n\t\t\t\t\t<a class=\"elementor-button elementor-button-link elementor-size-sm\" href=\"https:\/\/www.assumptio.org\/es\/que-hacemos\/educacion\">\n\t\t\t\t\t\t<span class=\"elementor-button-content-wrapper\">\n\t\t\t\t\t\t<span class=\"elementor-button-icon\">\n\t\t\t\t<svg aria-hidden=\"true\" class=\"e-font-icon-svg e-fas-angle-right\" viewBox=\"0 0 256 512\" xmlns=\"http:\/\/www.w3.org\/2000\/svg\"><path d=\"M224.3 273l-136 136c-9.4 9.4-24.6 9.4-33.9 0l-22.6-22.6c-9.4-9.4-9.4-24.6 0-33.9l96.4-96.4-96.4-96.4c-9.4-9.4-9.4-24.6 0-33.9L54.3 103c9.4-9.4 24.6-9.4 33.9 0l136 136c9.5 9.4 9.5 24.6.1 34z\"><\/path><\/svg>\t\t\t<\/span>\n\t\t\t\t\t\t\t\t\t<span class=\"elementor-button-text\">La Asunci\u00f3n en la Educaci\u00f3n <\/span>\n\t\t\t\t\t<\/span>\n\t\t\t\t\t<\/a>\n\t\t\t\t<\/div>\n\t\t\t\t\t\t\t\t<\/div>\n\t\t\t\t<\/div>\n\t\t\t\t<\/div>\n\t\t\t\t<div class=\"elementor-element elementor-element-1379374f elementor-widget elementor-widget-text-editor\" data-id=\"1379374f\" data-element_type=\"widget\" data-widget_type=\"text-editor.default\">\n\t\t\t\t<div class=\"elementor-widget-container\">\n\t\t\t\t\t\t\t\t\t<p>Los Agustinos de la Asunci\u00f3n, fueron fundados por el Padre Emmanuel d\u2019Alzon (1810-1880), en Francia, en la ciudad de Nimes en el a\u00f1o 1850.<\/p><p>En esta ciudad, de la que fue Vicario General durante cuarenta a\u00f1os, fund\u00f3 un colegio diocesano con el nombre de Colegio de la Asunci\u00f3n. Fue en \u00e9l, con algunos de sus colaboradores m\u00e1s cercanos, que se gesta la Congregaci\u00f3n de los Agustinos de la Asunci\u00f3n.<\/p><p>El 4 de julio de 1911, los primeros Asuncionistas llegaron a nuestro pa\u00eds buscando \u00abla hora de Dios\u00bb y se instalaron definitivamente en Santos Lugares.\u00a0<\/p><p>La primera comunidad qued\u00f3 integrada por el P. Rom\u00e1n Heitmann, el P. Godofredo Pierson y el Hno. Mar\u00eda Eustaquio Bach, quienes compart\u00edan la casa con el Pbro. Juan Anzola, inici\u00e1ndose as\u00ed, una obra que, por designio providencial, ser\u00eda la de mayor proyecci\u00f3n en la Argentina.<\/p><p>\u00a0<\/p>\t\t\t\t\t\t\t\t<\/div>\n\t\t\t\t<\/div>\n\t\t\t\t<\/div>\n\t\t<div class=\"elementor-element elementor-element-3b5f45d6 e-con-full e-flex e-con e-child\" data-id=\"3b5f45d6\" data-element_type=\"container\">\n\t\t\t\t<div class=\"elementor-element elementor-element-577f3914 elementor-widget elementor-widget-image\" data-id=\"577f3914\" data-element_type=\"widget\" data-widget_type=\"image.default\">\n\t\t\t\t<div class=\"elementor-widget-container\">\n\t\t\t\t\t\t\t\t\t\t\t\t\t\t\t<img decoding=\"async\" src=\"https:\/\/isr.edu.ar\/isr27\/wp-content\/uploads\/elementor\/thumbs\/dalzon_frase-qvlflrdlacyxby6bf29occbkfswwhkn26eebicicqy.jpg\" title=\"dalzon_frase\" alt=\"dalzon_frase\" loading=\"lazy\" \/>\t\t\t\t\t\t\t\t\t\t\t\t\t\t\t<\/div>\n\t\t\t\t<\/div>\n\t\t\t\t<\/div>\n\t\t\t\t<\/div>\n\t\t\t\t\t<\/div>\n\t\t\t\t<\/div>\n\t\t\t\t<\/div>\n\t\t","protected":false},"excerpt":{"rendered":"<p>Religiosos asucionistas Quienes somos La Asunci\u00f3n en la Educaci\u00f3n Los Agustinos de la Asunci\u00f3n, fueron fundados por el Padre Emmanuel d\u2019Alzon (1810-1880), en Francia, en la ciudad de Nimes en el a\u00f1o 1850. En esta ciudad, de la que fue Vicario General durante cuarenta a\u00f1os, fund\u00f3 un colegio diocesano con el nombre de Colegio de [&hellip;]<\/p>\n","protected":false},"author":2,"featured_media":0,"parent":0,"menu_order":0,"comment_status":"closed","ping_status":"closed","template":"","meta":{"footnotes":""},"class_list":["post-107","page","type-page","status-publish","hentry"],"_links":{"self":[{"href":"https:\/\/isr.edu.ar\/isr27\/wp-json\/wp\/v2\/pages\/107","targetHints":{"allow":["GET"]}}],"collection":[{"href":"https:\/\/isr.edu.ar\/isr27\/wp-json\/wp\/v2\/pages"}],"about":[{"href":"https:\/\/isr.edu.ar\/isr27\/wp-json\/wp\/v2\/types\/page"}],"author":[{"embeddable":true,"href":"https:\/\/isr.edu.ar\/isr27\/wp-json\/wp\/v2\/users\/2"}],"replies":[{"embeddable":true,"href":"https:\/\/isr.edu.ar\/isr27\/wp-json\/wp\/v2\/comments?post=107"}],"version-history":[{"count":25,"href":"https:\/\/isr.edu.ar\/isr27\/wp-json\/wp\/v2\/pages\/107\/revisions"}],"predecessor-version":[{"id":3022,"href":"https:\/\/isr.edu.ar\/isr27\/wp-json\/wp\/v2\/pages\/107\/revisions\/3022"}],"wp:attachment":[{"href":"https:\/\/isr.edu.ar\/isr27\/wp-json\/wp\/v2\/media?parent=107"}],"curies":[{"name":"wp","href":"https:\/\/api.w.org\/{rel}","templated":true}]}}