{"id":63,"date":"2024-07-09T12:53:30","date_gmt":"2024-07-09T12:53:30","guid":{"rendered":"https:\/\/isr.edu.ar\/isr27\/?page_id=63"},"modified":"2024-10-15T15:07:13","modified_gmt":"2024-10-15T15:07:13","slug":"ideario-y-objetivo-educativo","status":"publish","type":"page","link":"https:\/\/isr.edu.ar\/isr27\/ideario-y-objetivo-educativo\/","title":{"rendered":"Ideario y Objetivo Educativo"},"content":{"rendered":"\t\t<div data-elementor-type=\"wp-page\" data-elementor-id=\"63\" class=\"elementor elementor-63\" data-elementor-post-type=\"page\">\n\t\t\t\t<div class=\"elementor-element elementor-element-2d4ff547 e-flex e-con-boxed e-con e-parent\" data-id=\"2d4ff547\" data-element_type=\"container\">\n\t\t\t\t\t<div class=\"e-con-inner\">\n\t\t<div class=\"elementor-element elementor-element-193662b9 e-con-full e-flex e-con e-child\" data-id=\"193662b9\" data-element_type=\"container\">\n\t\t<div class=\"elementor-element elementor-element-3d1bd1de e-con-full e-flex e-con e-child\" data-id=\"3d1bd1de\" data-element_type=\"container\">\n\t\t\t\t<div class=\"elementor-element elementor-element-7fdb5546 elementor-widget elementor-widget-heading\" data-id=\"7fdb5546\" data-element_type=\"widget\" data-widget_type=\"heading.default\">\n\t\t\t\t<div class=\"elementor-widget-container\">\n\t\t\t\t\t<h2 class=\"elementor-heading-title elementor-size-default\">institucional<\/h2>\t\t\t\t<\/div>\n\t\t\t\t<\/div>\n\t\t\t\t<div class=\"elementor-element elementor-element-4ea0e32 elementor-widget elementor-widget-heading\" data-id=\"4ea0e32\" data-element_type=\"widget\" data-widget_type=\"heading.default\">\n\t\t\t\t<div class=\"elementor-widget-container\">\n\t\t\t\t\t<h2 class=\"elementor-heading-title elementor-size-default\">Ideario Educativo<\/h2>\t\t\t\t<\/div>\n\t\t\t\t<\/div>\n\t\t\t\t<div class=\"elementor-element elementor-element-16cad14e elementor-widget elementor-widget-text-editor\" data-id=\"16cad14e\" data-element_type=\"widget\" data-widget_type=\"text-editor.default\">\n\t\t\t\t<div class=\"elementor-widget-container\">\n\t\t\t\t\t\t\t\t\t<p>Queridas Familias:<\/p><p><span style=\"color: var( --e-global-color-text ); font-family: var( --e-global-typography-primary-font-family ), Sans-serif; font-size: var( --e-global-typography-primary-font-size ); font-style: var( --e-global-typography-primary-font-style ); font-weight: var( --e-global-typography-primary-font-weight ); letter-spacing: var( --e-global-typography-primary-letter-spacing ); text-align: var(--text-align); text-transform: var( --e-global-typography-primary-text-transform );\">El tiempo de repensar nuestras instituciones educativas de Argentina ha sido un regalo de Dios en la misi\u00f3n que se nos ha encomendado y en fidelidad al Venerable P Manuel d\u00b4Alzon hemos buscado siempre: \u201cFormar a Jesucristo en las almas\u201d<\/span><\/p>\n<p><span style=\"font-family: var( --e-global-typography-primary-font-family ), Sans-serif; font-size: var( --e-global-typography-primary-font-size ); font-style: var( --e-global-typography-primary-font-style ); font-weight: var( --e-global-typography-primary-font-weight ); letter-spacing: var( --e-global-typography-primary-letter-spacing ); text-transform: var( --e-global-typography-primary-text-transform ); text-align: var(--text-align); color: var( --e-global-color-text );\">Luego de varios a\u00f1os de oraci\u00f3n, trabajo y discernimiento he aqu\u00ed el documento final. Es para todos una gu\u00eda en la cual podremos encontrar lo que somos y lo que estamos llamados a ser con la gracia de Dios; en ello los dones personales deben estar comprometidos para lograr lo que estamos llamados a ser.<\/span><\/p>\n<p><span style=\"font-family: var( --e-global-typography-primary-font-family ), Sans-serif; font-size: var( --e-global-typography-primary-font-size ); font-style: var( --e-global-typography-primary-font-style ); font-weight: var( --e-global-typography-primary-font-weight ); letter-spacing: var( --e-global-typography-primary-letter-spacing ); text-transform: var( --e-global-typography-primary-text-transform ); text-align: var(--text-align); color: var( --e-global-color-text );\">Un colegio Asuncionista es un espacio de vida, fe, trabajo, crecimiento, conversi\u00f3n y amor. Cualidades que nos ponen en contacto y al servicio de otros reconociendo en ello el don de caminar unidos en la construcci\u00f3n del Reino.<\/span><\/p>\n<p><span style=\"font-family: var( --e-global-typography-primary-font-family ), Sans-serif; font-size: var( --e-global-typography-primary-font-size ); font-style: var( --e-global-typography-primary-font-style ); font-weight: var( --e-global-typography-primary-font-weight ); letter-spacing: var( --e-global-typography-primary-letter-spacing ); text-transform: var( --e-global-typography-primary-text-transform ); text-align: var(--text-align); color: var( --e-global-color-text );\">Gracias a todos los que han comprometido su amor por la educaci\u00f3n y la Asunci\u00f3n, su participaci\u00f3n y reflexi\u00f3n nos permite presentar juntos este camino. Adelante.<\/span><\/p>\n<p><span style=\"font-family: var( --e-global-typography-primary-font-family ), Sans-serif; font-size: var( --e-global-typography-primary-font-size ); font-style: var( --e-global-typography-primary-font-style ); font-weight: var( --e-global-typography-primary-font-weight ); letter-spacing: var( --e-global-typography-primary-letter-spacing ); text-transform: var( --e-global-typography-primary-text-transform ); text-align: var(--text-align); color: var( --e-global-color-text );\">En Jes\u00fas y Mar\u00eda Ssma.<\/span><\/p>\n<p><\/p>\t\t\t\t\t\t\t\t<\/div>\n\t\t\t\t<\/div>\n\t\t\t\t<div class=\"elementor-element elementor-element-3234478 elementor-widget elementor-widget-heading\" data-id=\"3234478\" data-element_type=\"widget\" data-widget_type=\"heading.default\">\n\t\t\t\t<div class=\"elementor-widget-container\">\n\t\t\t\t\t<h2 class=\"elementor-heading-title elementor-size-default\">P. Juan Carlos Marzolla Laius a.a.<br>Superior Provincial Provincia Andina\n<\/h2>\t\t\t\t<\/div>\n\t\t\t\t<\/div>\n\t\t\t\t<\/div>\n\t\t<div class=\"elementor-element elementor-element-3390b924 e-con-full e-flex e-con e-child\" data-id=\"3390b924\" data-element_type=\"container\">\n\t\t\t\t<div class=\"elementor-element elementor-element-6eb04bae elementor-widget elementor-widget-image\" data-id=\"6eb04bae\" data-element_type=\"widget\" data-widget_type=\"image.default\">\n\t\t\t\t<div class=\"elementor-widget-container\">\n\t\t\t\t\t\t\t\t\t\t\t\t\t\t\t<img decoding=\"async\" src=\"https:\/\/isr.edu.ar\/isr27\/wp-content\/uploads\/elementor\/thumbs\/pei-qumlf08qimzprg5x3wg3lh73et8cw6a06x19dzzeso.jpg\" title=\"pei\" alt=\"pei\" loading=\"lazy\" \/>\t\t\t\t\t\t\t\t\t\t\t\t\t\t\t<\/div>\n\t\t\t\t<\/div>\n\t\t\t\t<div class=\"elementor-element elementor-element-551e5ab elementor-widget elementor-widget-button\" data-id=\"551e5ab\" data-element_type=\"widget\" data-widget_type=\"button.default\">\n\t\t\t\t<div class=\"elementor-widget-container\">\n\t\t\t\t\t\t\t\t\t<div class=\"elementor-button-wrapper\">\n\t\t\t\t\t<a class=\"elementor-button elementor-button-link elementor-size-sm\" href=\"https:\/\/isr.edu.ar\/isr27\/wp-content\/uploads\/2024\/09\/Proyecto-Educativo-San-Roman.pdf\">\n\t\t\t\t\t\t<span class=\"elementor-button-content-wrapper\">\n\t\t\t\t\t\t\t\t\t<span class=\"elementor-button-text\">ver proyecto educativo <\/span>\n\t\t\t\t\t<\/span>\n\t\t\t\t\t<\/a>\n\t\t\t\t<\/div>\n\t\t\t\t\t\t\t\t<\/div>\n\t\t\t\t<\/div>\n\t\t\t\t<\/div>\n\t\t\t\t<\/div>\n\t\t\t\t\t<\/div>\n\t\t\t\t<\/div>\n\t\t\t\t<\/div>\n\t\t","protected":false},"excerpt":{"rendered":"<p>institucional Ideario Educativo Queridas Familias: El tiempo de repensar nuestras instituciones educativas de Argentina ha sido un regalo de Dios en la misi\u00f3n que se nos ha encomendado y en fidelidad al Venerable P Manuel d\u00b4Alzon hemos buscado siempre: \u201cFormar a Jesucristo en las almas\u201d Luego de varios a\u00f1os de oraci\u00f3n, trabajo y discernimiento he [&hellip;]<\/p>\n","protected":false},"author":2,"featured_media":0,"parent":0,"menu_order":0,"comment_status":"closed","ping_status":"closed","template":"","meta":{"footnotes":""},"class_list":["post-63","page","type-page","status-publish","hentry"],"_links":{"self":[{"href":"https:\/\/isr.edu.ar\/isr27\/wp-json\/wp\/v2\/pages\/63","targetHints":{"allow":["GET"]}}],"collection":[{"href":"https:\/\/isr.edu.ar\/isr27\/wp-json\/wp\/v2\/pages"}],"about":[{"href":"https:\/\/isr.edu.ar\/isr27\/wp-json\/wp\/v2\/types\/page"}],"author":[{"embeddable":true,"href":"https:\/\/isr.edu.ar\/isr27\/wp-json\/wp\/v2\/users\/2"}],"replies":[{"embeddable":true,"href":"https:\/\/isr.edu.ar\/isr27\/wp-json\/wp\/v2\/comments?post=63"}],"version-history":[{"count":37,"href":"https:\/\/isr.edu.ar\/isr27\/wp-json\/wp\/v2\/pages\/63\/revisions"}],"predecessor-version":[{"id":3005,"href":"https:\/\/isr.edu.ar\/isr27\/wp-json\/wp\/v2\/pages\/63\/revisions\/3005"}],"wp:attachment":[{"href":"https:\/\/isr.edu.ar\/isr27\/wp-json\/wp\/v2\/media?parent=63"}],"curies":[{"name":"wp","href":"https:\/\/api.w.org\/{rel}","templated":true}]}}

<div data-elementor-type="wp-page" data-elementor-id="63" class="elementor elementor-63" data-elementor-post-type="page">
				<div class="elementor-element elementor-element-2d4ff547 e-flex e-con-boxed e-con e-parent" data-id="2d4ff547" data-element_type="container">
					<div class="e-con-inner">
		<div class="elementor-element elementor-element-193662b9 e-con-full e-flex e-con e-child" data-id="193662b9" data-element_type="container">
		<div class="elementor-element elementor-element-3d1bd1de e-con-full e-flex e-con e-child" data-id="3d1bd1de" data-element_type="container">
				<div class="elementor-element elementor-element-7fdb5546 elementor-widget elementor-widget-heading" data-id="7fdb5546" data-element_type="widget" data-widget_type="heading.default">
				<div class="elementor-widget-container">
					<h2 class="elementor-heading-title elementor-size-default">institucional</h2>				</div>
				</div>
				<div class="elementor-element elementor-element-4ea0e32 elementor-widget elementor-widget-heading" data-id="4ea0e32" data-element_type="widget" data-widget_type="heading.default">
				<div class="elementor-widget-container">
					<h2 class="elementor-heading-title elementor-size-default">Ideario Educativo</h2>				</div>
				</div>
				<div class="elementor-element elementor-element-16cad14e elementor-widget elementor-widget-text-editor" data-id="16cad14e" data-element_type="widget" data-widget_type="text-editor.default">
				<div class="elementor-widget-container">
									<p>Queridas Familias:</p><p><span style="color: var( --e-global-color-text ); font-family: var( --e-global-typography-primary-font-family ), Sans-serif; font-size: var( --e-global-typography-primary-font-size ); font-style: var( --e-global-typography-primary-font-style ); font-weight: var( --e-global-typography-primary-font-weight ); letter-spacing: var( --e-global-typography-primary-letter-spacing ); text-align: var(--text-align); text-transform: var( --e-global-typography-primary-text-transform );">El tiempo de repensar nuestras instituciones educativas de Argentina ha sido un regalo de Dios en la misión que se nos ha encomendado y en fidelidad al Venerable P Manuel d´Alzon hemos buscado siempre: “Formar a Jesucristo en las almas”</span></p>
<p><span style="font-family: var( --e-global-typography-primary-font-family ), Sans-serif; font-size: var( --e-global-typography-primary-font-size ); font-style: var( --e-global-typography-primary-font-style ); font-weight: var( --e-global-typography-primary-font-weight ); letter-spacing: var( --e-global-typography-primary-letter-spacing ); text-transform: var( --e-global-typography-primary-text-transform ); text-align: var(--text-align); color: var( --e-global-color-text );">Luego de varios años de oración, trabajo y discernimiento he aquí el documento final. Es para todos una guía en la cual podremos encontrar lo que somos y lo que estamos llamados a ser con la gracia de Dios; en ello los dones personales deben estar comprometidos para lograr lo que estamos llamados a ser.</span></p>
<p><span style="font-family: var( --e-global-typography-primary-font-family ), Sans-serif; font-size: var( --e-global-typography-primary-font-size ); font-style: var( --e-global-typography-primary-font-style ); font-weight: var( --e-global-typography-primary-font-weight ); letter-spacing: var( --e-global-typography-primary-letter-spacing ); text-transform: var( --e-global-typography-primary-text-transform ); text-align: var(--text-align); color: var( --e-global-color-text );">Un colegio Asuncionista es un espacio de vida, fe, trabajo, crecimiento, conversión y amor. Cualidades que nos ponen en contacto y al servicio de otros reconociendo en ello el don de caminar unidos en la construcción del Reino.</span></p>
<p><span style="font-family: var( --e-global-typography-primary-font-family ), Sans-serif; font-size: var( --e-global-typography-primary-font-size ); font-style: var( --e-global-typography-primary-font-style ); font-weight: var( --e-global-typography-primary-font-weight ); letter-spacing: var( --e-global-typography-primary-letter-spacing ); text-transform: var( --e-global-typography-primary-text-transform ); text-align: var(--text-align); color: var( --e-global-color-text );">Gracias a todos los que han comprometido su amor por la educación y la Asunción, su participación y reflexión nos permite presentar juntos este camino. Adelante.</span></p>
<p><span style="font-family: var( --e-global-typography-primary-font-family ), Sans-serif; font-size: var( --e-global-typography-primary-font-size ); font-style: var( --e-global-typography-primary-font-style ); font-weight: var( --e-global-typography-primary-font-weight ); letter-spacing: var( --e-global-typography-primary-letter-spacing ); text-transform: var( --e-global-typography-primary-text-transform ); text-align: var(--text-align); color: var( --e-global-color-text );">En Jesús y María Ssma.</span></p>
<p></p>								</div>
				</div>
				<div class="elementor-element elementor-element-3234478 elementor-widget elementor-widget-heading" data-id="3234478" data-element_type="widget" data-widget_type="heading.default">
				<div class="elementor-widget-container">
					<h2 class="elementor-heading-title elementor-size-default">P. Juan Carlos Marzolla Laius a.a.<br>Superior Provincial Provincia Andina
</h2>				</div>
				</div>
				</div>
		<div class="elementor-element elementor-element-3390b924 e-con-full e-flex e-con e-child" data-id="3390b924" data-element_type="container">
				<div class="elementor-element elementor-element-6eb04bae elementor-widget elementor-widget-image" data-id="6eb04bae" data-element_type="widget" data-widget_type="image.default">
				<div class="elementor-widget-container">
															<img decoding="async" src="https://isr.edu.ar/isr27/wp-content/uploads/elementor/thumbs/pei-qumlf08qimzprg5x3wg3lh73et8cw6a06x19dzzeso.jpg" title="pei" alt="pei" loading="lazy" />															</div>
				</div>
				<div class="elementor-element elementor-element-551e5ab elementor-widget elementor-widget-button" data-id="551e5ab" data-element_type="widget" data-widget_type="button.default">
				<div class="elementor-widget-container">
									<div class="elementor-button-wrapper">
					<a class="elementor-button elementor-button-link elementor-size-sm" href="https://isr.edu.ar/isr27/wp-content/uploads/2024/09/Proyecto-Educativo-San-Roman.pdf">
						<span class="elementor-button-content-wrapper">
									<span class="elementor-button-text">ver proyecto educativo </span>
					</span>
					</a>
				</div>
								</div>
				</div>
				</div>
				</div>
					</div>
				</div>
				</div>

<p>institucional Ideario Educativo Queridas Familias: El tiempo de repensar nuestras instituciones educativas de Argentina ha sido un regalo de Dios en la misión que se nos ha encomendado y en fidelidad al Venerable P Manuel d´Alzon hemos buscado siempre: “Formar a Jesucristo en las almas” Luego de varios años de oración, trabajo y discernimiento he [&hellip;]</p>
