{"id":89,"date":"2024-07-09T12:58:07","date_gmt":"2024-07-09T12:58:07","guid":{"rendered":"https:\/\/isr.edu.ar\/isr27\/?page_id=89"},"modified":"2025-08-17T11:58:32","modified_gmt":"2025-08-17T11:58:32","slug":"nuestra-historia","status":"publish","type":"page","link":"https:\/\/isr.edu.ar\/isr27\/nuestra-historia\/","title":{"rendered":"Nuestra Historia"},"content":{"rendered":"\t\t<div data-elementor-type=\"wp-page\" data-elementor-id=\"89\" class=\"elementor elementor-89\" data-elementor-post-type=\"page\">\n\t\t\t\t<div class=\"elementor-element elementor-element-303237a1 e-flex e-con-boxed e-con e-parent\" data-id=\"303237a1\" data-element_type=\"container\">\n\t\t\t\t\t<div class=\"e-con-inner\">\n\t\t<div class=\"elementor-element elementor-element-cceee37 e-con-full e-flex e-con e-child\" data-id=\"cceee37\" data-element_type=\"container\">\n\t\t<div class=\"elementor-element elementor-element-63ebc3c4 e-con-full e-flex e-con e-child\" data-id=\"63ebc3c4\" data-element_type=\"container\">\n\t\t\t\t<div class=\"elementor-element elementor-element-467539dc elementor-widget elementor-widget-heading\" data-id=\"467539dc\" data-element_type=\"widget\" data-widget_type=\"heading.default\">\n\t\t\t\t<div class=\"elementor-widget-container\">\n\t\t\t\t\t<h2 class=\"elementor-heading-title elementor-size-default\">institucional<\/h2>\t\t\t\t<\/div>\n\t\t\t\t<\/div>\n\t\t\t\t<div class=\"elementor-element elementor-element-2ac71e64 elementor-widget elementor-widget-heading\" data-id=\"2ac71e64\" data-element_type=\"widget\" data-widget_type=\"heading.default\">\n\t\t\t\t<div class=\"elementor-widget-container\">\n\t\t\t\t\t<h2 class=\"elementor-heading-title elementor-size-default\">Nuestra Historia<\/h2>\t\t\t\t<\/div>\n\t\t\t\t<\/div>\n\t\t\t\t<\/div>\n\t\t<div class=\"elementor-element elementor-element-79c0949b e-con-full e-flex e-con e-child\" data-id=\"79c0949b\" data-element_type=\"container\">\n\t\t\t\t<div class=\"elementor-element elementor-element-71d32e34 elementor-widget elementor-widget-image\" data-id=\"71d32e34\" data-element_type=\"widget\" data-widget_type=\"image.default\">\n\t\t\t\t<div class=\"elementor-widget-container\">\n\t\t\t\t\t\t\t\t\t\t\t\t\t\t\t<img decoding=\"async\" src=\"https:\/\/isr.edu.ar\/isr27\/wp-content\/uploads\/elementor\/thumbs\/tapon_700_100-1-qv8lm4y73lj5m8jaeyaf29vlvo2egw907ibshwdq36.jpg\" title=\"tapon_700_100\" alt=\"tapon_700_100\" loading=\"lazy\" \/>\t\t\t\t\t\t\t\t\t\t\t\t\t\t\t<\/div>\n\t\t\t\t<\/div>\n\t\t\t\t<\/div>\n\t\t\t\t<\/div>\n\t\t\t\t\t<\/div>\n\t\t\t\t<\/div>\n\t\t<div class=\"elementor-element elementor-element-4c5954b7 e-flex e-con-boxed e-con e-parent\" data-id=\"4c5954b7\" data-element_type=\"container\">\n\t\t\t\t\t<div class=\"e-con-inner\">\n\t\t<div class=\"elementor-element elementor-element-43b0e60d e-con-full e-flex e-con e-child\" data-id=\"43b0e60d\" data-element_type=\"container\">\n\t\t<div class=\"elementor-element elementor-element-2677b654 e-con-full e-flex e-con e-child\" data-id=\"2677b654\" data-element_type=\"container\">\n\t\t\t\t<div class=\"elementor-element elementor-element-63b382cf elementor-widget elementor-widget-heading\" data-id=\"63b382cf\" data-element_type=\"widget\" data-widget_type=\"heading.default\">\n\t\t\t\t<div class=\"elementor-widget-container\">\n\t\t\t\t\t<h2 class=\"elementor-heading-title elementor-size-default\">1915 <\/h2>\t\t\t\t<\/div>\n\t\t\t\t<\/div>\n\t\t\t\t<div class=\"elementor-element elementor-element-f0c995b elementor-widget elementor-widget-text-editor\" data-id=\"f0c995b\" data-element_type=\"widget\" data-widget_type=\"text-editor.default\">\n\t\t\t\t<div class=\"elementor-widget-container\">\n\t\t\t\t\t\t\t\t\t<p>Los Agustinos de la Asunci\u00f3n fueron fundados por el Padre Emmanuel d\u2019Alzon en Francia en 1850. En 1911, llegaron a Argentina y\u00a0<span style=\"font-family: var( --e-global-typography-primary-font-family ), Sans-serif; font-size: var( --e-global-typography-primary-font-size ); font-style: var( --e-global-typography-primary-font-style ); font-weight: var( --e-global-typography-primary-font-weight ); letter-spacing: var( --e-global-typography-primary-letter-spacing ); text-transform: var( --e-global-typography-primary-text-transform ); text-align: var(--text-align); color: var( --e-global-color-text );\">\u00a0establecieron una comunidad en Santos Lugares.\u00a0<\/span><\/p><p><span style=\"font-family: var( --e-global-typography-primary-font-family ), Sans-serif; font-size: var( --e-global-typography-primary-font-size ); font-style: var( --e-global-typography-primary-font-style ); font-weight: var( --e-global-typography-primary-font-weight ); letter-spacing: var( --e-global-typography-primary-letter-spacing ); text-transform: var( --e-global-typography-primary-text-transform ); text-align: var(--text-align); color: var( --e-global-color-text );\">En 1915, decidieron construir una escuela gratuita en Belgrano, a pesar de la falta de recursos.<\/span><\/p><p>\u00a0<\/p><p>\u00a0<\/p>\t\t\t\t\t\t\t\t<\/div>\n\t\t\t\t<\/div>\n\t\t\t\t<\/div>\n\t\t<div class=\"elementor-element elementor-element-46484738 e-con-full e-flex e-con e-child\" data-id=\"46484738\" data-element_type=\"container\">\n\t\t\t\t<div class=\"elementor-element elementor-element-559c4ff9 elementor-widget elementor-widget-image\" data-id=\"559c4ff9\" data-element_type=\"widget\" data-widget_type=\"image.default\">\n\t\t\t\t<div class=\"elementor-widget-container\">\n\t\t\t\t\t\t\t\t\t\t\t\t\t\t\t<img decoding=\"async\" src=\"https:\/\/isr.edu.ar\/isr27\/wp-content\/uploads\/elementor\/thumbs\/H-22-qvlhuc3j539skl4uww4d30c1mvrmbiipx7mqi91fd6.jpg\" title=\"H 22\" alt=\"H 22\" loading=\"lazy\" \/>\t\t\t\t\t\t\t\t\t\t\t\t\t\t\t<\/div>\n\t\t\t\t<\/div>\n\t\t\t\t<\/div>\n\t\t\t\t<\/div>\n\t\t\t\t\t<\/div>\n\t\t\t\t<\/div>\n\t\t<div class=\"elementor-element elementor-element-1edf0ee8 e-con-full e-flex e-con e-parent\" data-id=\"1edf0ee8\" data-element_type=\"container\">\n\t\t<div class=\"elementor-element elementor-element-25d218c e-flex e-con-boxed e-con e-child\" data-id=\"25d218c\" data-element_type=\"container\">\n\t\t\t\t\t<div class=\"e-con-inner\">\n\t\t<div class=\"elementor-element elementor-element-490eb68 e-con-full e-flex e-con e-child\" data-id=\"490eb68\" data-element_type=\"container\">\n\t\t<div class=\"elementor-element elementor-element-e84be3f e-con-full e-flex e-con e-child\" data-id=\"e84be3f\" data-element_type=\"container\">\n\t\t\t\t<div class=\"elementor-element elementor-element-b95d330 elementor-widget__width-inherit elementor-widget elementor-widget-image\" data-id=\"b95d330\" data-element_type=\"widget\" data-widget_type=\"image.default\">\n\t\t\t\t<div class=\"elementor-widget-container\">\n\t\t\t\t\t\t\t\t\t\t\t\t\t\t\t<img decoding=\"async\" src=\"https:\/\/isr.edu.ar\/isr27\/wp-content\/uploads\/elementor\/thumbs\/H-11-qv94qmsf1y13nugh323rx19a10k5jmj2j8uc79jkqi.jpg\" title=\"H 11\" alt=\"H 11\" loading=\"lazy\" \/>\t\t\t\t\t\t\t\t\t\t\t\t\t\t\t<\/div>\n\t\t\t\t<\/div>\n\t\t\t\t<\/div>\n\t\t<div class=\"elementor-element elementor-element-dcc8a6e e-con-full e-flex e-con e-child\" data-id=\"dcc8a6e\" data-element_type=\"container\">\n\t\t\t\t<div class=\"elementor-element elementor-element-c4710bb elementor-widget elementor-widget-heading\" data-id=\"c4710bb\" data-element_type=\"widget\" data-widget_type=\"heading.default\">\n\t\t\t\t<div class=\"elementor-widget-container\">\n\t\t\t\t\t<h2 class=\"elementor-heading-title elementor-size-default\">1916<\/h2>\t\t\t\t<\/div>\n\t\t\t\t<\/div>\n\t\t\t\t<div class=\"elementor-element elementor-element-d3bdd1a elementor-widget elementor-widget-text-editor\" data-id=\"d3bdd1a\" data-element_type=\"widget\" data-widget_type=\"text-editor.default\">\n\t\t\t\t<div class=\"elementor-widget-container\">\n\t\t\t\t\t\t\t\t\t<p>En marzo de 1916 inauguraron el \u201cColegio Manuel d\u2019Alzon\u201d, que inicialmente ofrec\u00eda ense\u00f1anza primaria y luego incorpor\u00f3 nivel inicial.\u00a0<\/p><p>En 1928, crearon la \u201cAcademia San Mart\u00edn\u201d para adultos. En 1955, fundaron el \u201cInstituto San Rom\u00e1n\u201d con orientaci\u00f3n comercial, ampliado con bachillerato en 1959.<\/p><p>\u00a0<\/p><p>\u00a0<\/p>\t\t\t\t\t\t\t\t<\/div>\n\t\t\t\t<\/div>\n\t\t\t\t<\/div>\n\t\t\t\t<\/div>\n\t\t\t\t\t<\/div>\n\t\t\t\t<\/div>\n\t\t\t\t<\/div>\n\t\t<div class=\"elementor-element elementor-element-c3ac59b e-flex e-con-boxed e-con e-parent\" data-id=\"c3ac59b\" data-element_type=\"container\">\n\t\t\t\t\t<div class=\"e-con-inner\">\n\t\t<div class=\"elementor-element elementor-element-9422fd2 e-con-full e-flex e-con e-child\" data-id=\"9422fd2\" data-element_type=\"container\">\n\t\t<div class=\"elementor-element elementor-element-f1800b4 e-con-full e-flex e-con e-child\" data-id=\"f1800b4\" data-element_type=\"container\">\n\t\t\t\t<div class=\"elementor-element elementor-element-ca1c755 elementor-widget elementor-widget-heading\" data-id=\"ca1c755\" data-element_type=\"widget\" data-widget_type=\"heading.default\">\n\t\t\t\t<div class=\"elementor-widget-container\">\n\t\t\t\t\t<h2 class=\"elementor-heading-title elementor-size-default\">1980<\/h2>\t\t\t\t<\/div>\n\t\t\t\t<\/div>\n\t\t\t\t<div class=\"elementor-element elementor-element-9652a35 elementor-widget elementor-widget-text-editor\" data-id=\"9652a35\" data-element_type=\"widget\" data-widget_type=\"text-editor.default\">\n\t\t\t\t<div class=\"elementor-widget-container\">\n\t\t\t\t\t\t\t\t\t<p><span style=\"letter-spacing: 0.6px;\">Desde 1980, con la incorporaci\u00f3n de profesionales de la educaci\u00f3n, la formaci\u00f3n humano-cristiana se complementa con una marcada b\u00fasqueda por el conocimiento cient\u00edfico,\u00a0<\/span><span style=\"color: var( --e-global-color-text ); font-family: var( --e-global-typography-primary-font-family ), Sans-serif; font-size: var( --e-global-typography-primary-font-size ); font-style: var( --e-global-typography-primary-font-style ); font-weight: var( --e-global-typography-primary-font-weight ); letter-spacing: var( --e-global-typography-primary-letter-spacing ); text-align: var(--text-align); text-transform: var( --e-global-typography-primary-text-transform );\">tendiente a la futura incorporaci\u00f3n en los estudios universitarios.<\/span><\/p><p>\u00a0<\/p>\t\t\t\t\t\t\t\t<\/div>\n\t\t\t\t<\/div>\n\t\t\t\t<\/div>\n\t\t<div class=\"elementor-element elementor-element-1de21c8 e-con-full e-flex e-con e-child\" data-id=\"1de21c8\" data-element_type=\"container\">\n\t\t\t\t<div class=\"elementor-element elementor-element-a0d15c5 elementor-widget elementor-widget-image\" data-id=\"a0d15c5\" data-element_type=\"widget\" data-widget_type=\"image.default\">\n\t\t\t\t<div class=\"elementor-widget-container\">\n\t\t\t\t\t\t\t\t\t\t\t\t\t\t\t<img decoding=\"async\" src=\"https:\/\/isr.edu.ar\/isr27\/wp-content\/uploads\/elementor\/thumbs\/H-33-qvlikaf3uest4zfpd3zixgk83vugunjwto3djak3ka.jpg\" title=\"H 33\" alt=\"H 33\" loading=\"lazy\" \/>\t\t\t\t\t\t\t\t\t\t\t\t\t\t\t<\/div>\n\t\t\t\t<\/div>\n\t\t\t\t<\/div>\n\t\t\t\t<\/div>\n\t\t\t\t\t<\/div>\n\t\t\t\t<\/div>\n\t\t<div class=\"elementor-element elementor-element-1b7d806 e-con-full e-flex e-con e-parent\" data-id=\"1b7d806\" data-element_type=\"container\">\n\t\t<div class=\"elementor-element elementor-element-0e2e7a9 e-flex e-con-boxed e-con e-child\" data-id=\"0e2e7a9\" data-element_type=\"container\">\n\t\t\t\t\t<div class=\"e-con-inner\">\n\t\t<div class=\"elementor-element elementor-element-3dfbfe5 e-con-full e-flex e-con e-child\" data-id=\"3dfbfe5\" data-element_type=\"container\">\n\t\t<div class=\"elementor-element elementor-element-37b77c0 e-con-full e-flex e-con e-child\" data-id=\"37b77c0\" data-element_type=\"container\">\n\t\t\t\t<div class=\"elementor-element elementor-element-a3c71b5 elementor-widget elementor-widget-image\" data-id=\"a3c71b5\" data-element_type=\"widget\" data-widget_type=\"image.default\">\n\t\t\t\t<div class=\"elementor-widget-container\">\n\t\t\t\t\t\t\t\t\t\t\t\t\t\t\t<img decoding=\"async\" src=\"https:\/\/isr.edu.ar\/isr27\/wp-content\/uploads\/elementor\/thumbs\/H-44-qvlii93p1c0fzee798amiz29rtvu69gujl7i3pkt1m.jpg\" title=\"H 44\" alt=\"H 44\" loading=\"lazy\" \/>\t\t\t\t\t\t\t\t\t\t\t\t\t\t\t<\/div>\n\t\t\t\t<\/div>\n\t\t\t\t<\/div>\n\t\t<div class=\"elementor-element elementor-element-629e21e e-con-full e-flex e-con e-child\" data-id=\"629e21e\" data-element_type=\"container\">\n\t\t\t\t<div class=\"elementor-element elementor-element-c1334c0 elementor-widget elementor-widget-heading\" data-id=\"c1334c0\" data-element_type=\"widget\" data-widget_type=\"heading.default\">\n\t\t\t\t<div class=\"elementor-widget-container\">\n\t\t\t\t\t<h2 class=\"elementor-heading-title elementor-size-default\">1991<\/h2>\t\t\t\t<\/div>\n\t\t\t\t<\/div>\n\t\t\t\t<div class=\"elementor-element elementor-element-4b6f4dd elementor-widget elementor-widget-text-editor\" data-id=\"4b6f4dd\" data-element_type=\"widget\" data-widget_type=\"text-editor.default\">\n\t\t\t\t<div class=\"elementor-widget-container\">\n\t\t\t\t\t\t\t\t\t<p>En 1991, se unific\u00f3 el nombre como \u201cInstituto San Rom\u00e1n\u201d y en 1992 se admitieron alumnas. Con el correr de los a\u00f1os, se adapt\u00f3 la formaci\u00f3n educativa de nuestros\u00a0<\/p><p>alumnos a los cambios tecnol\u00f3gicos y en 2001 se increment\u00f3 la ense\u00f1anza del ingl\u00e9s en todos los niveles, con la incorporaci\u00f3n de ex\u00e1menes de acreditaci\u00f3n internacional.<\/p><p>\u00a0<\/p>\t\t\t\t\t\t\t\t<\/div>\n\t\t\t\t<\/div>\n\t\t\t\t<\/div>\n\t\t\t\t<\/div>\n\t\t\t\t\t<\/div>\n\t\t\t\t<\/div>\n\t\t\t\t<\/div>\n\t\t<div class=\"elementor-element elementor-element-e8686f9 e-flex e-con-boxed e-con e-parent\" data-id=\"e8686f9\" data-element_type=\"container\">\n\t\t\t\t\t<div class=\"e-con-inner\">\n\t\t<div class=\"elementor-element elementor-element-3ad414f e-con-full e-flex e-con e-child\" data-id=\"3ad414f\" data-element_type=\"container\">\n\t\t<div class=\"elementor-element elementor-element-86f4dea e-con-full e-flex e-con e-child\" data-id=\"86f4dea\" data-element_type=\"container\">\n\t\t\t\t<div class=\"elementor-element elementor-element-6c5097a elementor-widget elementor-widget-heading\" data-id=\"6c5097a\" data-element_type=\"widget\" data-widget_type=\"heading.default\">\n\t\t\t\t<div class=\"elementor-widget-container\">\n\t\t\t\t\t<h2 class=\"elementor-heading-title elementor-size-default\">2006<\/h2>\t\t\t\t<\/div>\n\t\t\t\t<\/div>\n\t\t\t\t<div class=\"elementor-element elementor-element-36c031b elementor-widget elementor-widget-text-editor\" data-id=\"36c031b\" data-element_type=\"widget\" data-widget_type=\"text-editor.default\">\n\t\t\t\t<div class=\"elementor-widget-container\">\n\t\t\t\t\t\t\t\t\t<p>Finalmente, se modificaron los planes de ense\u00f1anza oficial, dejando paso a los Bachilleratos Orientados en Ciencias Exactas y Naturales, en Humanidades\u00a0<\/p><p>y Ciencias Sociales y en Econom\u00eda y Gesti\u00f3n Empresarial, siendo el a\u00f1o 2006 testigo de sus primeros egresados bajo esta modalidad.<\/p>\t\t\t\t\t\t\t\t<\/div>\n\t\t\t\t<\/div>\n\t\t\t\t<\/div>\n\t\t<div class=\"elementor-element elementor-element-4ede142 e-con-full e-flex e-con e-child\" data-id=\"4ede142\" data-element_type=\"container\">\n\t\t\t\t<div class=\"elementor-element elementor-element-2755aab elementor-widget elementor-widget-image\" data-id=\"2755aab\" data-element_type=\"widget\" data-widget_type=\"image.default\">\n\t\t\t\t<div class=\"elementor-widget-container\">\n\t\t\t\t\t\t\t\t\t\t\t\t\t\t\t<img decoding=\"async\" src=\"https:\/\/isr.edu.ar\/isr27\/wp-content\/uploads\/elementor\/thumbs\/H-5-qvljv2tw1iun27h05c2z1ni8md8809awl95hj56lu2.jpg\" title=\"H 5\" alt=\"H 5\" loading=\"lazy\" \/>\t\t\t\t\t\t\t\t\t\t\t\t\t\t\t<\/div>\n\t\t\t\t<\/div>\n\t\t\t\t<\/div>\n\t\t\t\t<\/div>\n\t\t\t\t\t<\/div>\n\t\t\t\t<\/div>\n\t\t<div class=\"elementor-element elementor-element-3c2d303 e-con-full e-flex e-con e-parent\" data-id=\"3c2d303\" data-element_type=\"container\">\n\t\t<div class=\"elementor-element elementor-element-c31c224 e-flex e-con-boxed e-con e-child\" data-id=\"c31c224\" data-element_type=\"container\">\n\t\t\t\t\t<div class=\"e-con-inner\">\n\t\t<div class=\"elementor-element elementor-element-a6f648b e-con-full e-flex e-con e-child\" data-id=\"a6f648b\" data-element_type=\"container\">\n\t\t<div class=\"elementor-element elementor-element-063eb2c e-con-full e-flex e-con e-child\" data-id=\"063eb2c\" data-element_type=\"container\">\n\t\t\t\t<div class=\"elementor-element elementor-element-7bfc77b elementor-widget elementor-widget-image\" data-id=\"7bfc77b\" data-element_type=\"widget\" data-widget_type=\"image.default\">\n\t\t\t\t<div class=\"elementor-widget-container\">\n\t\t\t\t\t\t\t\t\t\t\t\t\t\t\t<img decoding=\"async\" src=\"https:\/\/isr.edu.ar\/isr27\/wp-content\/uploads\/elementor\/thumbs\/H-6-qvlk1on22lw6njvkkovl2hhuwuo33oizty7by5e03u.jpg\" title=\"H 6\" alt=\"H 6\" loading=\"lazy\" \/>\t\t\t\t\t\t\t\t\t\t\t\t\t\t\t<\/div>\n\t\t\t\t<\/div>\n\t\t\t\t<\/div>\n\t\t<div class=\"elementor-element elementor-element-aa37a1a e-con-full e-flex e-con e-child\" data-id=\"aa37a1a\" data-element_type=\"container\">\n\t\t\t\t<div class=\"elementor-element elementor-element-b97238d elementor-widget elementor-widget-heading\" data-id=\"b97238d\" data-element_type=\"widget\" data-widget_type=\"heading.default\">\n\t\t\t\t<div class=\"elementor-widget-container\">\n\t\t\t\t\t<h2 class=\"elementor-heading-title elementor-size-default\">Actualmente...<\/h2>\t\t\t\t<\/div>\n\t\t\t\t<\/div>\n\t\t\t\t<div class=\"elementor-element elementor-element-b5f8b74 elementor-widget elementor-widget-text-editor\" data-id=\"b5f8b74\" data-element_type=\"widget\" data-widget_type=\"text-editor.default\">\n\t\t\t\t<div class=\"elementor-widget-container\">\n\t\t\t\t\t\t\t\t\t<p>D\u00eda a d\u00eda el Instituto San Rom\u00e1n renueva su compromiso educativo y formativo con la comunidad en su permanente camino por extender\u00a0\u00a0<span style=\"font-family: var( --e-global-typography-primary-font-family ), Sans-serif; font-size: var( --e-global-typography-primary-font-size ); font-style: var( --e-global-typography-primary-font-style ); font-weight: var( --e-global-typography-primary-font-weight ); letter-spacing: var( --e-global-typography-primary-letter-spacing ); text-transform: var( --e-global-typography-primary-text-transform ); text-align: var(--text-align); color: var( --e-global-color-text );\">y hacer presente \u201cEL REINO DE DIOS\u201d en esta parte del Bajo Belgrano.<\/span><\/p>\t\t\t\t\t\t\t\t<\/div>\n\t\t\t\t<\/div>\n\t\t\t\t<\/div>\n\t\t\t\t<\/div>\n\t\t\t\t\t<\/div>\n\t\t\t\t<\/div>\n\t\t\t\t<\/div>\n\t\t<div class=\"elementor-element elementor-element-97af0b5 e-flex e-con-boxed e-con e-parent\" data-id=\"97af0b5\" data-element_type=\"container\">\n\t\t\t\t\t<div class=\"e-con-inner\">\n\t\t\t\t<div class=\"elementor-element elementor-element-ed26007 elementor-widget elementor-widget-gallery\" data-id=\"ed26007\" data-element_type=\"widget\" data-settings=\"{&quot;gap&quot;:{&quot;unit&quot;:&quot;px&quot;,&quot;size&quot;:0,&quot;sizes&quot;:[]},&quot;aspect_ratio&quot;:&quot;1:1&quot;,&quot;lazyload&quot;:&quot;yes&quot;,&quot;gallery_layout&quot;:&quot;grid&quot;,&quot;columns&quot;:4,&quot;columns_tablet&quot;:2,&quot;columns_mobile&quot;:1,&quot;gap_tablet&quot;:{&quot;unit&quot;:&quot;px&quot;,&quot;size&quot;:10,&quot;sizes&quot;:[]},&quot;gap_mobile&quot;:{&quot;unit&quot;:&quot;px&quot;,&quot;size&quot;:10,&quot;sizes&quot;:[]},&quot;link_to&quot;:&quot;file&quot;,&quot;overlay_background&quot;:&quot;yes&quot;,&quot;content_hover_animation&quot;:&quot;fade-in&quot;}\" data-widget_type=\"gallery.default\">\n\t\t\t\t<div class=\"elementor-widget-container\">\n\t\t\t\t\t\t\t<div class=\"elementor-gallery__container\">\n\t\t\t\t\t\t\t<a class=\"e-gallery-item elementor-gallery-item elementor-animated-content\" href=\"https:\/\/isr.edu.ar\/isr27\/wp-content\/uploads\/2024\/10\/A-1.jpg\">\n\t\t\t\t\t<div class=\"e-gallery-image elementor-gallery-item__image\" data-thumbnail=\"https:\/\/isr.edu.ar\/isr27\/wp-content\/uploads\/2024\/10\/A-1-300x300.jpg\" data-width=\"300\" data-height=\"300\" aria-label=\"\" role=\"img\" ><\/div>\n\t\t\t\t\t\t\t\t\t\t\t<div class=\"elementor-gallery-item__overlay\"><\/div>\n\t\t\t\t\t\t\t\t\t\t\t\t\t\t<\/a>\n\t\t\t\t\t\t\t<a class=\"e-gallery-item elementor-gallery-item elementor-animated-content\" href=\"https:\/\/isr.edu.ar\/isr27\/wp-content\/uploads\/2024\/10\/B-1.jpg\">\n\t\t\t\t\t<div class=\"e-gallery-image elementor-gallery-item__image\" data-thumbnail=\"https:\/\/isr.edu.ar\/isr27\/wp-content\/uploads\/2024\/10\/B-1-300x300.jpg\" data-width=\"300\" data-height=\"300\" aria-label=\"\" role=\"img\" ><\/div>\n\t\t\t\t\t\t\t\t\t\t\t<div class=\"elementor-gallery-item__overlay\"><\/div>\n\t\t\t\t\t\t\t\t\t\t\t\t\t\t<\/a>\n\t\t\t\t\t\t\t<a class=\"e-gallery-item elementor-gallery-item elementor-animated-content\" href=\"https:\/\/isr.edu.ar\/isr27\/wp-content\/uploads\/2024\/10\/C-1.jpg\">\n\t\t\t\t\t<div class=\"e-gallery-image elementor-gallery-item__image\" data-thumbnail=\"https:\/\/isr.edu.ar\/isr27\/wp-content\/uploads\/2024\/10\/C-1-300x300.jpg\" data-width=\"300\" data-height=\"300\" aria-label=\"\" role=\"img\" ><\/div>\n\t\t\t\t\t\t\t\t\t\t\t<div class=\"elementor-gallery-item__overlay\"><\/div>\n\t\t\t\t\t\t\t\t\t\t\t\t\t\t<\/a>\n\t\t\t\t\t\t\t<a class=\"e-gallery-item elementor-gallery-item elementor-animated-content\" href=\"https:\/\/isr.edu.ar\/isr27\/wp-content\/uploads\/2024\/10\/D-1.jpg\">\n\t\t\t\t\t<div class=\"e-gallery-image elementor-gallery-item__image\" data-thumbnail=\"https:\/\/isr.edu.ar\/isr27\/wp-content\/uploads\/2024\/10\/D-1-300x300.jpg\" data-width=\"300\" data-height=\"300\" aria-label=\"\" role=\"img\" ><\/div>\n\t\t\t\t\t\t\t\t\t\t\t<div class=\"elementor-gallery-item__overlay\"><\/div>\n\t\t\t\t\t\t\t\t\t\t\t\t\t\t<\/a>\n\t\t\t\t\t\t\t<a class=\"e-gallery-item elementor-gallery-item elementor-animated-content\" href=\"https:\/\/isr.edu.ar\/isr27\/wp-content\/uploads\/2024\/10\/E.jpg\">\n\t\t\t\t\t<div class=\"e-gallery-image elementor-gallery-item__image\" data-thumbnail=\"https:\/\/isr.edu.ar\/isr27\/wp-content\/uploads\/2024\/10\/E-300x300.jpg\" data-width=\"300\" data-height=\"300\" aria-label=\"\" role=\"img\" ><\/div>\n\t\t\t\t\t\t\t\t\t\t\t<div class=\"elementor-gallery-item__overlay\"><\/div>\n\t\t\t\t\t\t\t\t\t\t\t\t\t\t<\/a>\n\t\t\t\t\t\t\t<a class=\"e-gallery-item elementor-gallery-item elementor-animated-content\" href=\"https:\/\/isr.edu.ar\/isr27\/wp-content\/uploads\/2024\/10\/F.jpg\">\n\t\t\t\t\t<div class=\"e-gallery-image elementor-gallery-item__image\" data-thumbnail=\"https:\/\/isr.edu.ar\/isr27\/wp-content\/uploads\/2024\/10\/F-300x300.jpg\" data-width=\"300\" data-height=\"300\" aria-label=\"\" role=\"img\" ><\/div>\n\t\t\t\t\t\t\t\t\t\t\t<div class=\"elementor-gallery-item__overlay\"><\/div>\n\t\t\t\t\t\t\t\t\t\t\t\t\t\t<\/a>\n\t\t\t\t\t\t\t<a class=\"e-gallery-item elementor-gallery-item elementor-animated-content\" href=\"https:\/\/isr.edu.ar\/isr27\/wp-content\/uploads\/2024\/10\/G.jpg\">\n\t\t\t\t\t<div class=\"e-gallery-image elementor-gallery-item__image\" data-thumbnail=\"https:\/\/isr.edu.ar\/isr27\/wp-content\/uploads\/2024\/10\/G-300x300.jpg\" data-width=\"300\" data-height=\"300\" aria-label=\"\" role=\"img\" ><\/div>\n\t\t\t\t\t\t\t\t\t\t\t<div class=\"elementor-gallery-item__overlay\"><\/div>\n\t\t\t\t\t\t\t\t\t\t\t\t\t\t<\/a>\n\t\t\t\t\t\t\t<a class=\"e-gallery-item elementor-gallery-item elementor-animated-content\" href=\"https:\/\/isr.edu.ar\/isr27\/wp-content\/uploads\/2024\/10\/H.jpg\">\n\t\t\t\t\t<div class=\"e-gallery-image elementor-gallery-item__image\" data-thumbnail=\"https:\/\/isr.edu.ar\/isr27\/wp-content\/uploads\/2024\/10\/H-300x300.jpg\" data-width=\"300\" data-height=\"300\" aria-label=\"\" role=\"img\" ><\/div>\n\t\t\t\t\t\t\t\t\t\t\t<div class=\"elementor-gallery-item__overlay\"><\/div>\n\t\t\t\t\t\t\t\t\t\t\t\t\t\t<\/a>\n\t\t\t\t\t<\/div>\n\t\t\t\t\t<\/div>\n\t\t\t\t<\/div>\n\t\t\t\t\t<\/div>\n\t\t\t\t<\/div>\n\t\t\t\t<\/div>\n\t\t","protected":false},"excerpt":{"rendered":"<p>institucional Nuestra Historia 1915 Los Agustinos de la Asunci\u00f3n fueron fundados por el Padre Emmanuel d\u2019Alzon en Francia en 1850. En 1911, llegaron a Argentina y\u00a0\u00a0establecieron una comunidad en Santos Lugares.\u00a0 En 1915, decidieron construir una escuela gratuita en Belgrano, a pesar de la falta de recursos. \u00a0 \u00a0 1916 En marzo de 1916 inauguraron [&hellip;]<\/p>\n","protected":false},"author":2,"featured_media":0,"parent":0,"menu_order":0,"comment_status":"closed","ping_status":"closed","template":"","meta":{"footnotes":""},"class_list":["post-89","page","type-page","status-publish","hentry"],"_links":{"self":[{"href":"https:\/\/isr.edu.ar\/isr27\/wp-json\/wp\/v2\/pages\/89","targetHints":{"allow":["GET"]}}],"collection":[{"href":"https:\/\/isr.edu.ar\/isr27\/wp-json\/wp\/v2\/pages"}],"about":[{"href":"https:\/\/isr.edu.ar\/isr27\/wp-json\/wp\/v2\/types\/page"}],"author":[{"embeddable":true,"href":"https:\/\/isr.edu.ar\/isr27\/wp-json\/wp\/v2\/users\/2"}],"replies":[{"embeddable":true,"href":"https:\/\/isr.edu.ar\/isr27\/wp-json\/wp\/v2\/comments?post=89"}],"version-history":[{"count":75,"href":"https:\/\/isr.edu.ar\/isr27\/wp-json\/wp\/v2\/pages\/89\/revisions"}],"predecessor-version":[{"id":7670,"href":"https:\/\/isr.edu.ar\/isr27\/wp-json\/wp\/v2\/pages\/89\/revisions\/7670"}],"wp:attachment":[{"href":"https:\/\/isr.edu.ar\/isr27\/wp-json\/wp\/v2\/media?parent=89"}],"curies":[{"name":"wp","href":"https:\/\/api.w.org\/{rel}","templated":true}]}}