{"id":9370,"date":"2025-12-18T01:59:43","date_gmt":"2025-12-18T01:59:43","guid":{"rendered":"https:\/\/isr.edu.ar\/isr27\/?page_id=9370"},"modified":"2025-12-18T12:02:02","modified_gmt":"2025-12-18T12:02:02","slug":"listados-de-primeros-anos","status":"publish","type":"page","link":"https:\/\/isr.edu.ar\/isr27\/listados-de-primeros-anos\/","title":{"rendered":"Listados de Primeros A\u00f1os"},"content":{"rendered":"\t\t<div data-elementor-type=\"wp-page\" data-elementor-id=\"9370\" class=\"elementor elementor-9370\" data-elementor-post-type=\"page\">\n\t\t\t\t<div class=\"elementor-element elementor-element-7fc6cbf8 e-flex e-con-boxed e-con e-parent\" data-id=\"7fc6cbf8\" data-element_type=\"container\">\n\t\t\t\t\t<div class=\"e-con-inner\">\n\t\t<div class=\"elementor-element elementor-element-57e3940a e-con-full e-flex e-con e-child\" data-id=\"57e3940a\" data-element_type=\"container\">\n\t\t\t\t<div class=\"elementor-element elementor-element-1d0c40fb elementor-widget elementor-widget-heading\" data-id=\"1d0c40fb\" data-element_type=\"widget\" data-widget_type=\"heading.default\">\n\t\t\t\t<div class=\"elementor-widget-container\">\n\t\t\t\t\t<h2 class=\"elementor-heading-title elementor-size-default\">nivel medio <\/h2>\t\t\t\t<\/div>\n\t\t\t\t<\/div>\n\t\t\t\t<\/div>\n\t\t\t\t\t<\/div>\n\t\t\t\t<\/div>\n\t\t<div class=\"elementor-element elementor-element-1a4db124 e-flex e-con-boxed e-con e-parent\" data-id=\"1a4db124\" data-element_type=\"container\">\n\t\t\t\t\t<div class=\"e-con-inner\">\n\t\t<div class=\"elementor-element elementor-element-6d77174c e-con-full e-flex e-con e-child\" data-id=\"6d77174c\" data-element_type=\"container\">\n\t\t\t\t<div class=\"elementor-element elementor-element-37b38c13 elementor-widget elementor-widget-heading\" data-id=\"37b38c13\" data-element_type=\"widget\" data-widget_type=\"heading.default\">\n\t\t\t\t<div class=\"elementor-widget-container\">\n\t\t\t\t\t<h2 class=\"elementor-heading-title elementor-size-default\">Listado por curso<\/h2>\t\t\t\t<\/div>\n\t\t\t\t<\/div>\n\t\t\t\t<div class=\"elementor-element elementor-element-efd171a elementor-widget elementor-widget-heading\" data-id=\"efd171a\" data-element_type=\"widget\" data-widget_type=\"heading.default\">\n\t\t\t\t<div class=\"elementor-widget-container\">\n\t\t\t\t\t<h2 class=\"elementor-heading-title elementor-size-default\">Ingreso \n Primer A\u00f1o 2026<\/h2>\t\t\t\t<\/div>\n\t\t\t\t<\/div>\n\t\t\t\t<\/div>\n\t\t\t\t\t<\/div>\n\t\t\t\t<\/div>\n\t\t<div class=\"elementor-element elementor-element-ec9212d e-flex e-con-boxed e-con e-parent\" data-id=\"ec9212d\" data-element_type=\"container\">\n\t\t\t\t\t<div class=\"e-con-inner\">\n\t\t\t\t<div class=\"elementor-element elementor-element-42059b2 elementor-widget elementor-widget-text-editor\" data-id=\"42059b2\" data-element_type=\"widget\" data-widget_type=\"text-editor.default\">\n\t\t\t\t<div class=\"elementor-widget-container\">\n\t\t\t\t\t\t\t\t\t<table style=\"width: 588pt;\" border=\"0\" width=\"783\" cellspacing=\"0\" cellpadding=\"0\" data-sheets-root=\"1\" data-sheets-baot=\"1\"><colgroup> <col style=\"mso-width-source: userset; mso-width-alt: 9545; width: 196pt;\" span=\"3\" width=\"261\" \/> <\/colgroup><tbody><tr style=\"mso-height-source: userset; height: 19.5pt;\"><td class=\"xl63\" style=\"height: 19.5pt; width: 196pt;\" width=\"261\" height=\"26\">1\u00b0 ECONOMIA<\/td><td class=\"xl63\" style=\"width: 196pt;\" width=\"261\">1\u00b0 SOCIALES<\/td><td class=\"xl63\" style=\"width: 196pt;\" width=\"261\">1\u00b0 NATURALES<\/td><\/tr><tr style=\"mso-height-source: userset; height: 19.5pt;\"><td class=\"xl65\" style=\"height: 19.5pt; width: 196pt; overflow: hidden; padding-bottom: 2px; padding-top: 2px;\" width=\"261\" height=\"26\">Alaniz Rossi, Salvador<\/td><td class=\"xl65\" style=\"width: 196pt; overflow: hidden; padding-bottom: 2px; padding-top: 2px;\" width=\"261\">Andereggen Roncoroni, Tom\u00e1s<\/td><td class=\"xl65\" style=\"width: 196pt; overflow: hidden; padding-bottom: 2px; padding-top: 2px;\" width=\"261\">Acevedo,Tob\u00edas<\/td><\/tr><tr style=\"mso-height-source: userset; height: 19.5pt;\"><td class=\"xl65\" style=\"height: 19.5pt; width: 196pt; overflow: hidden; padding-bottom: 2px; padding-top: 2px;\" width=\"261\" height=\"26\">\u00c1lvarez Ferrato, Federica<\/td><td class=\"xl65\" style=\"width: 196pt; overflow: hidden; padding-bottom: 2px; padding-top: 2px;\" width=\"261\">Barrera, Gael<\/td><td class=\"xl65\" style=\"width: 196pt; overflow: hidden; padding-bottom: 2px; padding-top: 2px;\" width=\"261\">Agusti, Juan Ignacio<\/td><\/tr><tr style=\"mso-height-source: userset; height: 19.5pt;\"><td class=\"xl65\" style=\"height: 19.5pt; width: 196pt; overflow: hidden; padding-bottom: 2px; padding-top: 2px;\" width=\"261\" height=\"26\">Amieiro, Lucila Bel\u00e9n<\/td><td class=\"xl65\" style=\"width: 196pt; overflow: hidden; padding-bottom: 2px; padding-top: 2px;\" width=\"261\">Cabanillas, Juan Ignacio (N)<\/td><td class=\"xl65\" style=\"width: 196pt; overflow: hidden; padding-bottom: 2px; padding-top: 2px;\" width=\"261\">Andr\u00e9s Huck, Helena<\/td><\/tr><tr style=\"mso-height-source: userset; height: 19.5pt;\"><td class=\"xl65\" style=\"height: 19.5pt; width: 196pt; overflow: hidden; padding-bottom: 2px; padding-top: 2px;\" width=\"261\" height=\"26\">Amoresano, Nicol\u00e1s<\/td><td class=\"xl65\" style=\"width: 196pt; overflow: hidden; padding-bottom: 2px; padding-top: 2px;\" width=\"261\">Campero, Mat\u00edas (N)<\/td><td class=\"xl65\" style=\"width: 196pt; overflow: hidden; padding-bottom: 2px; padding-top: 2px;\" width=\"261\">Barousse , Renata M\u00eda<\/td><\/tr><tr style=\"mso-height-source: userset; height: 19.5pt;\"><td class=\"xl65\" style=\"height: 19.5pt; width: 196pt; overflow: hidden; padding-bottom: 2px; padding-top: 2px;\" width=\"261\" height=\"26\">Baez Ortiz, Juan (N)<\/td><td class=\"xl65\" style=\"width: 196pt; overflow: hidden; padding-bottom: 2px; padding-top: 2px;\" width=\"261\">De Santadina, Alma<\/td><td class=\"xl65\" style=\"width: 196pt; overflow: hidden; padding-bottom: 2px; padding-top: 2px;\" width=\"261\">Benito, Felicitas<\/td><\/tr><tr style=\"mso-height-source: userset; height: 19.5pt;\"><td class=\"xl65\" style=\"height: 19.5pt; width: 196pt; overflow: hidden; padding-bottom: 2px; padding-top: 2px;\" width=\"261\" height=\"26\">Banega Tredici, Matilda<\/td><td class=\"xl65\" style=\"width: 196pt; overflow: hidden; padding-bottom: 2px; padding-top: 2px;\" width=\"261\">Diaz Fillol, Lorenzo (N)<\/td><td class=\"xl65\" style=\"width: 196pt; overflow: hidden; padding-bottom: 2px; padding-top: 2px;\" width=\"261\">Camet, Sof\u00eda (N)<\/td><\/tr><tr style=\"mso-height-source: userset; height: 19.5pt;\"><td class=\"xl65\" style=\"height: 19.5pt; width: 196pt; overflow: hidden; padding-bottom: 2px; padding-top: 2px;\" width=\"261\" height=\"26\">Barrera Galvez, Agust\u00edn Maximiliano<\/td><td class=\"xl65\" style=\"width: 196pt; overflow: hidden; padding-bottom: 2px; padding-top: 2px;\" width=\"261\">D\u00edaz Rosaenz, Luc\u00eda<\/td><td class=\"xl65\" style=\"width: 196pt; overflow: hidden; padding-bottom: 2px; padding-top: 2px;\" width=\"261\">Cataldo, Martina<\/td><\/tr><tr style=\"mso-height-source: userset; height: 19.5pt;\"><td class=\"xl65\" style=\"height: 19.5pt; width: 196pt; overflow: hidden; padding-bottom: 2px; padding-top: 2px;\" width=\"261\" height=\"26\">Cajiao, Santiago Nicol\u00e1s<\/td><td class=\"xl65\" style=\"width: 196pt; overflow: hidden; padding-bottom: 2px; padding-top: 2px;\" width=\"261\">Dobrenky, Agustina<\/td><td class=\"xl65\" style=\"width: 196pt; overflow: hidden; padding-bottom: 2px; padding-top: 2px;\" width=\"261\">Ciccimarra, Francisco<\/td><\/tr><tr style=\"mso-height-source: userset; height: 19.5pt;\"><td class=\"xl65\" style=\"height: 19.5pt; width: 196pt; overflow: hidden; padding-bottom: 2px; padding-top: 2px;\" width=\"261\" height=\"26\">Cavadini Rodr\u00edguez, Catalina<\/td><td class=\"xl65\" style=\"width: 196pt; overflow: hidden; padding-bottom: 2px; padding-top: 2px;\" width=\"261\">Etchev\u00e9s, Juan Pablo<\/td><td class=\"xl65\" style=\"width: 196pt; overflow: hidden; padding-bottom: 2px; padding-top: 2px;\" width=\"261\">Dalla Cia, Juan Cruz<\/td><\/tr><tr style=\"mso-height-source: userset; height: 19.5pt;\"><td class=\"xl65\" style=\"height: 19.5pt; width: 196pt; overflow: hidden; padding-bottom: 2px; padding-top: 2px;\" width=\"261\" height=\"26\">Chedid, Ignacio Mart\u00edn<\/td><td class=\"xl65\" style=\"width: 196pt; overflow: hidden; padding-bottom: 2px; padding-top: 2px;\" width=\"261\">Gallego, Lara Antonella<\/td><td class=\"xl65\" style=\"width: 196pt; overflow: hidden; padding-bottom: 2px; padding-top: 2px;\" width=\"261\">Damonte Tosi, Juan Marco<\/td><\/tr><tr style=\"mso-height-source: userset; height: 19.5pt;\"><td class=\"xl65\" style=\"height: 19.5pt; width: 196pt; overflow: hidden; padding-bottom: 2px; padding-top: 2px;\" width=\"261\" height=\"26\">Chevalier, Joaqu\u00edn<\/td><td class=\"xl65\" style=\"width: 196pt; overflow: hidden; padding-bottom: 2px; padding-top: 2px;\" width=\"261\">Garces Castiella, Elizaveta<\/td><td class=\"xl65\" style=\"width: 196pt; overflow: hidden; padding-bottom: 2px; padding-top: 2px;\" width=\"261\">Darwich, Tom\u00e1s<\/td><\/tr><tr style=\"mso-height-source: userset; height: 19.5pt;\"><td class=\"xl65\" style=\"height: 19.5pt; width: 196pt; overflow: hidden; padding-bottom: 2px; padding-top: 2px;\" width=\"261\" height=\"26\">C\u00f3ceres, Mateo<\/td><td class=\"xl65\" style=\"width: 196pt; overflow: hidden; padding-bottom: 2px; padding-top: 2px;\" width=\"261\">Gonz\u00e1lez Beretta, Emilia<\/td><td class=\"xl65\" style=\"width: 196pt; overflow: hidden; padding-bottom: 2px; padding-top: 2px;\" width=\"261\">D\u00edaz Rosaenz, Clara<\/td><\/tr><tr style=\"mso-height-source: userset; height: 19.5pt;\"><td class=\"xl65\" style=\"height: 19.5pt; width: 196pt; overflow: hidden; padding-bottom: 2px; padding-top: 2px;\" width=\"261\" height=\"26\">Denegri, Felipe<\/td><td class=\"xl65\" style=\"width: 196pt; overflow: hidden; padding-bottom: 2px; padding-top: 2px;\" width=\"261\">Gonz\u00e1lez Mantovani, Mateo<\/td><td class=\"xl65\" style=\"width: 196pt; overflow: hidden; padding-bottom: 2px; padding-top: 2px;\" width=\"261\">F\u00e9lix, Batista<\/td><\/tr><tr style=\"mso-height-source: userset; height: 19.5pt;\"><td class=\"xl65\" style=\"height: 19.5pt; width: 196pt; overflow: hidden; padding-bottom: 2px; padding-top: 2px;\" width=\"261\" height=\"26\">Di Giacomo Ladelfa, Felipe<\/td><td class=\"xl65\" style=\"width: 196pt; overflow: hidden; padding-bottom: 2px; padding-top: 2px;\" width=\"261\">Lafaille, Violeta (N)<\/td><td class=\"xl65\" style=\"width: 196pt; overflow: hidden; padding-bottom: 2px; padding-top: 2px;\" width=\"261\">Figueredo Pinter, Martina In\u00e9s<\/td><\/tr><tr style=\"mso-height-source: userset; height: 19.5pt;\"><td class=\"xl65\" style=\"height: 19.5pt; width: 196pt; overflow: hidden; padding-bottom: 2px; padding-top: 2px;\" width=\"261\" height=\"26\">Ferro, Felipe<\/td><td class=\"xl65\" style=\"width: 196pt; overflow: hidden; padding-bottom: 2px; padding-top: 2px;\" width=\"261\">Linares, Benjam\u00edn<\/td><td class=\"xl65\" style=\"width: 196pt; overflow: hidden; padding-bottom: 2px; padding-top: 2px;\" width=\"261\">Galigniana Guti\u00e9rrez , Bautista<\/td><\/tr><tr style=\"mso-height-source: userset; height: 19.5pt;\"><td class=\"xl65\" style=\"height: 19.5pt; width: 196pt; overflow: hidden; padding-bottom: 2px; padding-top: 2px;\" width=\"261\" height=\"26\">Fuertes, Francisco<\/td><td class=\"xl65\" style=\"width: 196pt; overflow: hidden; padding-bottom: 2px; padding-top: 2px;\" width=\"261\">Maher G\u00f3mez, Agust\u00edn<\/td><td class=\"xl65\" style=\"width: 196pt; overflow: hidden; padding-bottom: 2px; padding-top: 2px;\" width=\"261\">Gonz\u00e1lez Gari, Francisco<\/td><\/tr><tr style=\"mso-height-source: userset; height: 19.5pt;\"><td class=\"xl65\" style=\"height: 19.5pt; width: 196pt; overflow: hidden; padding-bottom: 2px; padding-top: 2px;\" width=\"261\" height=\"26\">Garc\u00eda G\u00f3mez, Juana<\/td><td class=\"xl65\" style=\"width: 196pt; overflow: hidden; padding-bottom: 2px; padding-top: 2px;\" width=\"261\">Marinaro, Delfina (N)<\/td><td class=\"xl65\" style=\"width: 196pt; overflow: hidden; padding-bottom: 2px; padding-top: 2px;\" width=\"261\">Gazzotti, Agostina<\/td><\/tr><tr style=\"mso-height-source: userset; height: 19.5pt;\"><td class=\"xl65\" style=\"height: 19.5pt; width: 196pt; overflow: hidden; padding-bottom: 2px; padding-top: 2px;\" width=\"261\" height=\"26\">Gonz\u00e1lez, Camila<\/td><td class=\"xl65\" style=\"width: 196pt; overflow: hidden; padding-bottom: 2px; padding-top: 2px;\" width=\"261\">Matrero, Josefina (N)<\/td><td class=\"xl65\" style=\"width: 196pt; overflow: hidden; padding-bottom: 2px; padding-top: 2px;\" width=\"261\">Guacci Pastorella, Antonia<\/td><\/tr><tr style=\"mso-height-source: userset; height: 19.5pt;\"><td class=\"xl65\" style=\"height: 19.5pt; width: 196pt; overflow: hidden; padding-bottom: 2px; padding-top: 2px;\" width=\"261\" height=\"26\">Gonz\u00e1lez Gallo, Benicio<\/td><td class=\"xl65\" style=\"width: 196pt; overflow: hidden; padding-bottom: 2px; padding-top: 2px;\" width=\"261\">Mc Donell Smith, Tom\u00e1s<\/td><td class=\"xl65\" style=\"width: 196pt; overflow: hidden; padding-bottom: 2px; padding-top: 2px;\" width=\"261\">Malaspina, Matilda (N)<\/td><\/tr><tr style=\"mso-height-source: userset; height: 19.5pt;\"><td class=\"xl65\" style=\"height: 19.5pt; width: 196pt; overflow: hidden; padding-bottom: 2px; padding-top: 2px;\" width=\"261\" height=\"26\">Guacci Pastorella, Emma<\/td><td class=\"xl65\" style=\"width: 196pt; overflow: hidden; padding-bottom: 2px; padding-top: 2px;\" width=\"261\">Medina, Jazm\u00edn<\/td><td class=\"xl65\" style=\"width: 196pt; overflow: hidden; padding-bottom: 2px; padding-top: 2px;\" width=\"261\">M\u00e1rquez, Emilio Nicol\u00e1s<\/td><\/tr><tr style=\"mso-height-source: userset; height: 19.5pt;\"><td class=\"xl65\" style=\"height: 19.5pt; width: 196pt; overflow: hidden; padding-bottom: 2px; padding-top: 2px;\" width=\"261\" height=\"26\">Haas, Emilia<\/td><td class=\"xl65\" style=\"width: 196pt; overflow: hidden; padding-bottom: 2px; padding-top: 2px;\" width=\"261\">Muttoni, Valentino<\/td><td class=\"xl65\" style=\"width: 196pt; overflow: hidden; padding-bottom: 2px; padding-top: 2px;\" width=\"261\">Mazzitelli, Morena<\/td><\/tr><tr style=\"mso-height-source: userset; height: 19.5pt;\"><td class=\"xl65\" style=\"height: 19.5pt; width: 196pt; overflow: hidden; padding-bottom: 2px; padding-top: 2px;\" width=\"261\" height=\"26\">Isnardi \u00c1lvarez, Bautista<\/td><td class=\"xl65\" style=\"width: 196pt; overflow: hidden; padding-bottom: 2px; padding-top: 2px;\" width=\"261\">Olivares, Benjam\u00edn<\/td><td class=\"xl65\" style=\"width: 196pt; overflow: hidden; padding-bottom: 2px; padding-top: 2px;\" width=\"261\">Nitti, Octavio<\/td><\/tr><tr style=\"mso-height-source: userset; height: 19.5pt;\"><td class=\"xl65\" style=\"height: 19.5pt; width: 196pt; overflow: hidden; padding-bottom: 2px; padding-top: 2px;\" width=\"261\" height=\"26\">Lestard, Josefina (N)<\/td><td class=\"xl65\" style=\"width: 196pt; overflow: hidden; padding-bottom: 2px; padding-top: 2px;\" width=\"261\">Pasina, Bruno<\/td><td class=\"xl65\" style=\"width: 196pt; overflow: hidden; padding-bottom: 2px; padding-top: 2px;\" width=\"261\">Pawlyszyn, Pedro<\/td><\/tr><tr style=\"mso-height-source: userset; height: 19.5pt;\"><td class=\"xl65\" style=\"height: 19.5pt; width: 196pt; overflow: hidden; padding-bottom: 2px; padding-top: 2px;\" width=\"261\" height=\"26\">L\u00f3pez, Felipe Agust\u00edn<\/td><td class=\"xl65\" style=\"width: 196pt; overflow: hidden; padding-bottom: 2px; padding-top: 2px;\" width=\"261\">Ponce, Mart\u00edn<\/td><td class=\"xl65\" style=\"width: 196pt; overflow: hidden; padding-bottom: 2px; padding-top: 2px;\" width=\"261\">Philip Gonz\u00e1lez, Juana<\/td><\/tr><tr style=\"mso-height-source: userset; height: 19.5pt;\"><td class=\"xl65\" style=\"height: 19.5pt; width: 196pt; overflow: hidden; padding-bottom: 2px; padding-top: 2px;\" width=\"261\" height=\"26\">Manzella, Tiziano<\/td><td class=\"xl65\" style=\"width: 196pt; overflow: hidden; padding-bottom: 2px; padding-top: 2px;\" width=\"261\">Roel, Balthazar<\/td><td class=\"xl65\" style=\"width: 196pt; overflow: hidden; padding-bottom: 2px; padding-top: 2px;\" width=\"261\">Piccini, Mar\u00eda Bel\u00e9n<\/td><\/tr><tr style=\"mso-height-source: userset; height: 19.5pt;\"><td class=\"xl65\" style=\"height: 19.5pt; width: 196pt; overflow: hidden; padding-bottom: 2px; padding-top: 2px;\" width=\"261\" height=\"26\">Mateu Ritz, Milagros<\/td><td class=\"xl65\" style=\"width: 196pt; overflow: hidden; padding-bottom: 2px; padding-top: 2px;\" width=\"261\">Santirso Giubergia, Martina Emilia<\/td><td class=\"xl65\" style=\"width: 196pt; overflow: hidden; padding-bottom: 2px; padding-top: 2px;\" width=\"261\">Pilatti, Lautaro Augusto<\/td><\/tr><tr style=\"mso-height-source: userset; height: 19.5pt;\"><td class=\"xl65\" style=\"height: 19.5pt; width: 196pt; overflow: hidden; padding-bottom: 2px; padding-top: 2px;\" width=\"261\" height=\"26\">Nerpiti, Gael<\/td><td class=\"xl65\" style=\"width: 196pt; overflow: hidden; padding-bottom: 2px; padding-top: 2px;\" width=\"261\">Schafer, Francisco<\/td><td class=\"xl65\" style=\"width: 196pt; overflow: hidden; padding-bottom: 2px; padding-top: 2px;\" width=\"261\">Re, Juan Ignacio<\/td><\/tr><tr style=\"mso-height-source: userset; height: 19.5pt;\"><td class=\"xl65\" style=\"height: 19.5pt; width: 196pt; overflow: hidden; padding-bottom: 2px; padding-top: 2px;\" width=\"261\" height=\"26\">Pereyra Gutierrez, Josefina Sol<\/td><td class=\"xl65\" style=\"width: 196pt; overflow: hidden; padding-bottom: 2px; padding-top: 2px;\" width=\"261\">Sosa, Catalina (N)<\/td><td class=\"xl65\" style=\"width: 196pt; overflow: hidden; padding-bottom: 2px; padding-top: 2px;\" width=\"261\">R\u00edos, Milo Benjam\u00edn<\/td><\/tr><tr style=\"mso-height-source: userset; height: 19.5pt;\"><td class=\"xl65\" style=\"height: 19.5pt; width: 196pt; overflow: hidden; padding-bottom: 2px; padding-top: 2px;\" width=\"261\" height=\"26\">Piro, Francisco Ignacio<\/td><td class=\"xl65\" style=\"width: 196pt; overflow: hidden; padding-bottom: 2px; padding-top: 2px;\" width=\"261\">Su\u00e1rez Guerrini, Julia<\/td><td class=\"xl65\" style=\"width: 196pt; overflow: hidden; padding-bottom: 2px; padding-top: 2px;\" width=\"261\">Roel, Catalina<\/td><\/tr><tr style=\"mso-height-source: userset; height: 19.5pt;\"><td class=\"xl65\" style=\"height: 19.5pt; width: 196pt; overflow: hidden; padding-bottom: 2px; padding-top: 2px;\" width=\"261\" height=\"26\">Plantamura Pujol, Le\u00f3n<\/td><td class=\"xl65\" style=\"width: 196pt; overflow: hidden; padding-bottom: 2px; padding-top: 2px;\" width=\"261\">Tamburrini Spinelli, Agust\u00edn<\/td><td class=\"xl65\" style=\"width: 196pt; overflow: hidden; padding-bottom: 2px; padding-top: 2px;\" width=\"261\">Roel, Paz<\/td><\/tr><tr style=\"mso-height-source: userset; height: 19.5pt;\"><td class=\"xl65\" style=\"height: 19.5pt; width: 196pt; overflow: hidden; padding-bottom: 2px; padding-top: 2px;\" width=\"261\" height=\"26\">Porro, Felipe<\/td><td class=\"xl65\" style=\"width: 196pt; overflow: hidden; padding-bottom: 2px; padding-top: 2px;\" width=\"261\">Tirigall Caste, Santiago<\/td><td class=\"xl65\" style=\"width: 196pt; overflow: hidden; padding-bottom: 2px; padding-top: 2px;\" width=\"261\">S\u00e1nchez, Juliana<\/td><\/tr><tr style=\"mso-height-source: userset; height: 19.5pt;\"><td class=\"xl65\" style=\"height: 19.5pt; width: 196pt; overflow: hidden; padding-bottom: 2px; padding-top: 2px;\" width=\"261\" height=\"26\">Rapetti, Pedro<\/td><td class=\"xl65\" style=\"width: 196pt; overflow: hidden; padding-bottom: 2px; padding-top: 2px;\" width=\"261\">Turano, Catalina<\/td><td class=\"xl65\" style=\"width: 196pt; overflow: hidden; padding-bottom: 2px; padding-top: 2px;\" width=\"261\">Solic, Benicio Renzo<\/td><\/tr><tr style=\"mso-height-source: userset; height: 19.5pt;\"><td class=\"xl65\" style=\"height: 19.5pt; width: 196pt; overflow: hidden; padding-bottom: 2px; padding-top: 2px;\" width=\"261\" height=\"26\">Scherer Keen, Felicitas<\/td><td class=\"xl65\" style=\"width: 196pt; overflow: hidden; padding-bottom: 2px; padding-top: 2px;\" width=\"261\">Vellez, Lola<\/td><td class=\"xl65\" style=\"width: 196pt; overflow: hidden; padding-bottom: 2px; padding-top: 2px;\" width=\"261\">Squadrone, Lorenzo<\/td><\/tr><tr style=\"mso-height-source: userset; height: 19.5pt;\"><td class=\"xl65\" style=\"height: 19.5pt; width: 196pt; overflow: hidden; padding-bottom: 2px; padding-top: 2px;\" width=\"261\" height=\"26\">Simone, Felipe<\/td><td class=\"xl65\" style=\"width: 196pt; overflow: hidden; padding-bottom: 2px; padding-top: 2px;\" width=\"261\">Vicente, Juana<\/td><td class=\"xl65\" style=\"width: 196pt; overflow: hidden; padding-bottom: 2px; padding-top: 2px;\" width=\"261\">Svendsen, Agustina<\/td><\/tr><tr style=\"mso-height-source: userset; height: 19.5pt;\"><td class=\"xl65\" style=\"height: 19.5pt; width: 196pt; overflow: hidden; padding-bottom: 2px; padding-top: 2px;\" width=\"261\" height=\"26\">Vainberg Sigel, Clara<\/td><td class=\"xl65\" style=\"width: 196pt; overflow: hidden; padding-bottom: 2px; padding-top: 2px;\" width=\"261\">Ziblat, Mateo (N)<\/td><td class=\"xl65\" style=\"width: 196pt; overflow: hidden; padding-bottom: 2px; padding-top: 2px;\" width=\"261\">Turano, Vicente<\/td><\/tr><tr style=\"mso-height-source: userset; height: 19.5pt;\"><td class=\"xl65\" style=\"height: 19.5pt; width: 196pt; overflow: hidden; padding-bottom: 2px; padding-top: 2px;\" width=\"261\" height=\"26\">Vespe, Alejo Hugo<\/td><td class=\"xl65\" style=\"width: 196pt; overflow: hidden; padding-bottom: 2px; padding-top: 2px;\" width=\"261\">\u00a0<\/td><td class=\"xl65\" style=\"width: 196pt; overflow: hidden; padding-bottom: 2px; padding-top: 2px;\" width=\"261\">Uceda, Mar\u00eda Sol(N)<\/td><\/tr><tr style=\"mso-height-source: userset; height: 19.5pt;\"><td class=\"xl65\" style=\"height: 19.5pt; width: 196pt; overflow: hidden; padding-bottom: 2px; padding-top: 2px;\" width=\"261\" height=\"26\">Wirtz, Jazm\u00edn (N)<\/td><td class=\"xl65\" style=\"width: 196pt; overflow: hidden; padding-bottom: 2px; padding-top: 2px;\" width=\"261\">\u00a0<\/td><td class=\"xl65\" style=\"width: 196pt; overflow: hidden; padding-bottom: 2px; padding-top: 2px;\" width=\"261\">\u00a0<\/td><\/tr><\/tbody><\/table>\t\t\t\t\t\t\t\t<\/div>\n\t\t\t\t<\/div>\n\t\t\t\t\t<\/div>\n\t\t\t\t<\/div>\n\t\t\t\t<\/div>\n\t\t","protected":false},"excerpt":{"rendered":"<p>nivel medio Listado por curso Ingreso Primer A\u00f1o 2026 1\u00b0 ECONOMIA 1\u00b0 SOCIALES 1\u00b0 NATURALES Alaniz Rossi, Salvador Andereggen Roncoroni, Tom\u00e1s Acevedo,Tob\u00edas \u00c1lvarez Ferrato, Federica Barrera, Gael Agusti, Juan Ignacio Amieiro, Lucila Bel\u00e9n Cabanillas, Juan Ignacio (N) Andr\u00e9s Huck, Helena Amoresano, Nicol\u00e1s Campero, Mat\u00edas (N) Barousse , Renata M\u00eda Baez Ortiz, Juan (N) De Santadina, [&hellip;]<\/p>\n","protected":false},"author":2,"featured_media":0,"parent":0,"menu_order":0,"comment_status":"closed","ping_status":"closed","template":"","meta":{"footnotes":""},"class_list":["post-9370","page","type-page","status-publish","hentry"],"_links":{"self":[{"href":"https:\/\/isr.edu.ar\/isr27\/wp-json\/wp\/v2\/pages\/9370","targetHints":{"allow":["GET"]}}],"collection":[{"href":"https:\/\/isr.edu.ar\/isr27\/wp-json\/wp\/v2\/pages"}],"about":[{"href":"https:\/\/isr.edu.ar\/isr27\/wp-json\/wp\/v2\/types\/page"}],"author":[{"embeddable":true,"href":"https:\/\/isr.edu.ar\/isr27\/wp-json\/wp\/v2\/users\/2"}],"replies":[{"embeddable":true,"href":"https:\/\/isr.edu.ar\/isr27\/wp-json\/wp\/v2\/comments?post=9370"}],"version-history":[{"count":11,"href":"https:\/\/isr.edu.ar\/isr27\/wp-json\/wp\/v2\/pages\/9370\/revisions"}],"predecessor-version":[{"id":9382,"href":"https:\/\/isr.edu.ar\/isr27\/wp-json\/wp\/v2\/pages\/9370\/revisions\/9382"}],"wp:attachment":[{"href":"https:\/\/isr.edu.ar\/isr27\/wp-json\/wp\/v2\/media?parent=9370"}],"curies":[{"name":"wp","href":"https:\/\/api.w.org\/{rel}","templated":true}]}}